8047
List the prime factors of 1131.
3, 13, 29
What are the prime factors of 5064?
2, 3, 211
What are the prime factors of 14649?
3, 19, 257
List the prime factors of 1514.
2, 757
List the prime factors of 1266.
2, 3, 211
List the prime factors of 339.
3, 113
What are the prime factors of 24416?
2, 7, 109
List the prime factors of 36410.
2, 5, 11, 331
List the prime factors of 4598.
2, 11, 19
List the prime factors of 9371.
9371
What are the prime factors of 17224?
2, 2153
What are the prime factors of 2440?
2, 5, 61
What are the prime factors of 25681?
61, 421
List the prime factors of 2274.
2, 3, 379
List the prime factors of 4764.
2, 3, 397
List the prime factors of 47999.
7, 6857
What are the prime factors of 43505?
5, 7, 11, 113
What are the prime factors of 500?
2, 5
What are the prime factors of 874?
2, 19, 23
List the prime factors of 860.
2, 5, 43
List the prime factors of 2226.
2, 3, 7, 53
List the prime factors of 14570.
2, 5, 31, 47
List the prime factors of 986.
2, 17, 29
What are the prime factors of 97536?
2, 3, 127
What are the prime factors of 15853?
83, 191
List the prime factors of 346.
2, 173
What are the prime factors of 1855?
5, 7, 53
What are the prime factors of 96371?
11, 8761
List the prime factors of 6512.
2, 11, 37
List the prime factors of 7646.
2, 3823
What are the prime factors of 3358?
2, 23, 73
What are the prime factors of 62152?
2, 17, 457
List the prime factors of 23689.
23689
What are the prime factors of 1013?
1013
What are the prime factors of 9514?
2, 67, 71
List the prime factors of 11397.
3, 29, 131
List the prime factors of 16919.
7, 2417
List the prime factors of 1407.
3, 7, 67
List the prime factors of 47999.
7, 6857
List the prime factors of 52559.
13, 311
What are the prime factors of 40213?
40213
List the prime factors of 112208.
2, 7013
List the prime factors of 4385.
5, 877
List the prime factors of 2719.
2719
What are the prime factors of 75108?
2, 3, 11, 569
List the prime factors of 150686.
2, 59, 1277
What are the prime factors of 109001?
109001
List the prime factors of 21148.
2, 17, 311
What are the prime factors of 22395?
3, 5, 1493
List the prime factors of 27906.
2, 3, 4651
What are the prime factors of 1895?
5, 379
List the prime factors of 6991.
6991
What are the prime factors of 197290?
2, 5, 109, 181
List the prime factors of 7928.
2, 991
List the prime factors of 734.
2, 367
List the prime factors of 552.
2, 3, 23
What are the prime factors of 201?
3, 67
What are the prime factors of 2699?
2699
List the prime factors of 5430.
2, 3, 5, 181
List the prime factors of 75182.
2, 37591
What are the prime factors of 1635?
3, 5, 109
List the prime factors of 14280.
2, 3, 5, 7, 17
List the prime factors of 230.
2, 5, 23
What are the prime factors of 8052?
2, 3, 11, 61
What are the prime factors of 18123?
3, 7, 863
List the prime factors of 117662.
2, 58831
List the prime factors of 198281.
198281
What are the prime factors of 128?
2
What are the prime factors of 48782?
2, 24391
List the prime factors of 1342.
2, 11, 61
List the prime factors of 863.
863
What are the prime factors of 189?
3, 7
List the prime factors of 11686.
2, 5843
What are the prime factors of 19538?
2, 9769
What are the prime factors of 1736?
2, 7, 31
What are the prime factors of 1795?
5, 359
List the prime factors of 65653.
7, 83, 113
What are the prime factors of 4816?
2, 7, 43
What are the prime factors of 9272?
2, 19, 61
List the prime factors of 5972.
2, 1493
List the prime factors of 13194.
2, 3, 733
What are the prime factors of 662?
2, 331
List the prime factors of 56082.
2, 3, 13, 719
What are the prime factors of 1440?
2, 3, 5
List the prime factors of 3768.
2, 3, 157
What are the prime factors of 5579?
7, 797
List the prime factors of 366.
2, 3, 61
List the prime factors of 3300.
2, 3, 5, 11
What are the prime factors of 595?
5, 7, 17
What are the prime factors of 7117?
11, 647
List the prime factors of 111396.
2, 3, 9283
List the prime factors of 983.
983
What are the prime factors of 81082?
2, 71, 571
List the prime factors of 43750.
2, 5, 7
List the prime factors of 108.
2, 3
What are the prime factors of 24170?
2, 5, 2417
What are the prime factors of 7174?
2, 17, 211
List the prime factors of 3357.
3, 373
List the prime factors of 5904.
2, 3, 41
What are the prime factors of 651?
3, 7, 31
List the prime factors of 719.
719
What are the prime factors of 654?
2, 3, 109
What are the prime factors of 451?
11, 41
List the prime factors of 10111.
10111
List the prime factors of 55178.
2, 47, 587
What are the prime factors of 20032?
2, 313
What are the prime factors of 28219?
28219
List the prime factors of 11899.
73, 163
What are the prime factors of 7180?
2, 5, 359
List the prime factors of 17.
17
What are the prime factors of 18469?
11, 23, 73
List the prime factors of 19278.
2, 3, 7, 17
List the prime factors of 56539.
7, 41, 197
What are the prime factors of 85501?
13, 6577
What are the prime factors of 726?
2, 3, 11
What are the prime factors of 6441?
3, 19, 113
What are the prime factors of 70309?
70309
List the prime factors of 54076.
2, 11, 1229
List the prime factors of 18966.
2, 3, 29, 109
List the prime factors of 1947.
3, 11, 59
List the prime factors of 10614.
2, 3, 29, 61
List the prime factors of 77199.
3, 25733
What are the prime factors of 1552?
2, 97
What are the prime factors of 5366?
2, 2683
List the prime factors of 89933.
139, 647
What are the prime factors of 6641?
29, 229
What are the prime factors of 100471?
7, 31, 463
What are the prime factors of 1971?
3, 73
List the prime factors of 34260.
2, 3, 5, 571
List the prime factors of 282.
2, 3, 47
List the prime factors of 1094.
2, 547
What are the prime factors of 732?
2, 3, 61
What are the prime factors of 317?
317
What are the prime factors of 11448?
2, 3, 53
List the prime factors of 1009.
1009
List the prime factors of 48529.
13, 3733
What are the prime factors of 1600?
2, 5
List the prime factors of 41.
41
What are the prime factors of 99?
3, 11
What are the prime factors of 2050?
2, 5, 41
List the prime factors of 3444.
2, 3, 7, 41
List the prime factors of 48913.
41, 1193
What are the prime factors of 23728?
2, 1483
What are the prime factors of 174954?
2, 3, 13, 2243
What are the prime factors of 1088?
2, 17
List the prime factors of 20970.
2, 3, 5, 233
What are the prime factors of 11990?
2, 5, 11, 109
List the prime factors of 2907.
3, 17, 19
List the prime factors of 21312.
2, 3, 37
List the prime factors of 81803.
179, 457
What are the prime factors of 19756?
2, 11, 449
List the prime factors of 8987.
11, 19, 43
What are the prime factors of 5839?
5839
What are the prime factors of 77936?
2, 4871
What are the prime factors of 45882?
2, 3, 2549
List the prime factors of 3174.
2, 3, 23
List the prime factors of 15196.
2, 29, 131
What are the prime factors of 2632?
2, 7, 47
List the prime factors of 933.
3, 311
What are the prime factors of 3964?
2, 991
What are the prime factors of 7955?
5, 37, 43
List the prime factors of 61595.
5, 97, 127
What are the prime factors of 47833?
31, 1543
List the prime factors of 61098.
2, 3, 17, 599
List the prime factors of 5676.
2, 3, 11, 43
List the prime factors of 737.
11, 67
List the prime factors of 7327.
17, 431
What are the prime factors of 2353?
13, 181
What are the prime factors of 3143?
7, 449
What are the prime factors of 1393?
7, 199
What are the prime factors of 19313?
7, 31, 89
List the prime factors of 57.
3, 19
What are the prime factors of 39845?
5, 13, 613
What are the prime factors of 605?
5, 11
List the prime factors of 78571.
78571
What are the prime factors of 492?
2, 3, 41
List the prime factors of 15146.
2, 7573
What are the prime factors of 45060?
2, 3, 5, 751
List the prime factors of 61110.
2, 3, 5, 7, 97
What are the prime factors of 1530?
2, 3, 5, 17
What are the prime factors of 27?
3
List the prime factors of 1202.
2, 601
What are the prime factors of 5471?
5471
What are the prime factors of 153997?
153997
List the prime factors of 34009.
71, 479
What are the prime factors of 17191?
17191
List the prime factors of 25058.
2, 11, 17, 67
What are the prime factors of 156?
2, 3, 13
What are the prime factors of 6441?
3, 19, 113
List the prime factors of 20570.
